6 + 1?
213130100
In base 8, what is -52702574 + 33?
-52702541
In base 8, what is 5032005 + 27?
5032034
In base 11, what is 56679331 + -5?
56679327
In base 7, what is 111 + -10334520?
-10334406
In base 13, what is 2a1131 + 42?
2a1173
In base 5, what is 114120 + -321111?
-201441
In base 10, what is 1116263 - 0?
1116263
In base 9, what is -1463 + 1458?
-4
In base 2, what is 11100000101110010111000 - 11?
11100000101110010110101
In base 10, what is 729774060 + 2?
729774062
In base 9, what is 448 - 81667?
-81218
In base 6, what is -31 + -3232143?
-3232214
In base 3, what is 1121200121002 + -110110?
1121200010122
In base 4, what is -1112 - 102210312?
-102212030
In base 10, what is -10873 - -1341?
-9532
In base 8, what is -1212 + -6102?
-7314
In base 6, what is 505341011 + -14?
505340553
In base 3, what is -222 - -21002121?
21001122
In base 9, what is 4 - 75676442?
-75676437
In base 13, what is -3 + -732712?
-732715
In base 8, what is 166 + 475363?
475551
In base 11, what is 281655 + 2a8?
281952
In base 13, what is -5417899 + -22?
-54178bb
In base 8, what is -11052241 + -17?
-11052260
In base 5, what is 420131 - 340122?
30004
In base 10, what is 1023935 + -89?
1023846
In base 2, what is -111 - -1011010011001010110001110?
1011010011001010110000111
In base 10, what is 6093175 + -4?
6093171
In base 5, what is 4344424 - 11401?
4333023
In base 15, what is -20 - 2d045c?
-2d047c
In base 14, what is b7 + -b818?
-b741
In base 6, what is 31442514 - 231?
31442243
In base 3, what is 111002 - -101120021000?
101120202002
In base 3, what is -201011210222 - 10?
-201011211002
In base 15, what is -9a9e8a9 + 5?
-9a9e8a4
In base 11, what is 7a2740 + -15?
7a2726
In base 13, what is -3 - 12a25620?
-12a25623
In base 14, what is 2 - 31d651b?
-31d6519
In base 13, what is 318 - 7ba7?
-788c
In base 10, what is 10 + -59429873?
-59429863
In base 7, what is 1 - 52454433?
-52454432
In base 3, what is -100222012002012 + 11?
-100222012002001
In base 12, what is -bb8baa + 2?
-bb8ba8
In base 13, what is -8 - -127c321?
127c316
In base 9, what is -38544 - 881?
-40535
In base 15, what is -1664a8 - -1a4?
-166304
In base 11, what is 49772348 - 7?
49772341
In base 16, what is 104005 - 9?
103ffc
In base 3, what is -11002211021 - -10001?
-11002201020
In base 12, what is -5a719a + -a?
-5a71a8
In base 16, what is -c0e2c78 + -3?
-c0e2c7b
In base 6, what is 4 + 10121014?
10121022
In base 10, what is 1131 + -36177?
-35046
In base 15, what is 957d + -154?
9429
In base 9, what is -3474287 - -437?
-3473750
In base 4, what is -11 + -232113312222?
-232113312233
In base 8, what is -123 - 1354556?
-1354701
In base 14, what is 1 + -2115992?
-2115991
In base 9, what is 43 + 13438561?
13438614
In base 15, what is -2ea9b + 58?
-2ea43
In base 10, what is 836208 + 9?
836217
In base 4, what is 3203 - 2023222?
-2020013
In base 7, what is -1152126 + 1641?
-1150155
In base 4, what is -13013101302 - -12?
-13013101230
In base 6, what is -2252115441 + 1?
-2252115440
In base 7, what is 14054604 - -35?
14054642
In base 15, what is -1da5aa8 - 5?
-1da5aad
In base 6, what is 1251440003 - -23?
1251440030
In base 3, what is -1 - -20011212112001211?
20011212112001210
In base 4, what is -11113300101210 - 10?
-11113300101220
In base 11, what is 2a + -303a746?
-303a717
In base 15, what is 1e + 112e5d?
112e7c
In base 10, what is -15923 - 338?
-16261
In base 8, what is 54365463 - 2?
54365461
In base 10, what is 67333 + -359?
66974
In base 7, what is 0 + -1032150446?
-1032150446
In base 16, what is 1 + ce5e59?
ce5e5a
In base 6, what is -4 - -43005044?
43005040
In base 4, what is 32 + 13331201201?
13331201233
In base 2, what is -10010100000001 - 1011101000101?
-11110001000110
In base 4, what is 12101100 + -231011?
11210023
In base 12, what is -25 + 16bba0?
16bb77
In base 2, what is -111000 + -101100000001111001?
-101100000010110001
In base 16, what is -9 + -4fb100e?
-4fb1017
In base 11, what is -90 - 24508?
-24598
In base 11, what is -3899 - -155a?
-233a
In base 16, what is -1ee3 + 8d3?
-1610
In base 3, what is 11201202122112120 - -2?
11201202122112122
In base 11, what is -3470742 + -5?
-3470747
In base 16, what is -2 + -bd36?
-bd38
In base 10, what is 1880 + 17?
1897
In base 3, what is -10002221 - -12021200010?
12011120012
In base 16, what is 279a - -21d?
29b7
In base 3, what is -1 + -101222010002200?
-101222010002201
In base 15, what is -5 - -2769e4?
2769de
In base 14, what is 0 + -49653d?
-49653d
In base 14, what is 2b059 - 37?
2b022
In base 14, what is 31ca0 - -26d?
3212d
In base 10, what is 103520 - 191?
103329
In base 14, what is -4 - -5972509?
5972505
In base 5, what is -12 - 20233342313?
-20233342330
In base 16, what is -10d2 - -47f3?
3721
In base 14, what is -5 + 2d2a2661?
2d2a265a
In base 12, what is 287649 - -6?
287653
In base 2, what is 100001010001010000101 - -11001110?
100001010001101010011
In base 8, what is -2033206 - -242?
-2032744
In base 11, what is 5a - -7591a?
75979
In base 11, what is 73745 + -10?
73735
In base 4, what is -1311 + 33231031?
33223120
In base 15, what is -d83 - 2236d?
-23201
In base 10, what is 21211376 + 12?
21211388
In base 3, what is 1112212000012100 + 100?
1112212000012200
In base 15, what is -b0314 + 20?
-b02e4
In base 2, what is 110111 + 100000001100000111?
100000001100111110
In base 16, what is -23 - -e6ce?
e6ab
In base 14, what is -1a + -30c826?
-30c842
In base 16, what is c + 65494e?
65495a
In base 6, what is 24314543430 + 2?
24314543432
In base 13, what is 288 - 12311?
-12056
In base 2, what is 11101000011110 - -111111111010?
100101000011000
In base 12, what is 14579 - -46ab?
19068
In base 12, what is 984 + -a71a?
-9956
In base 6, what is 11332 - -202051?
213423
In base 16, what is -3d - bfbc?
-bff9
In base 16, what is 13 - 326a9c?
-326a89
In base 14, what is -15 - -36d215?
36d200
In base 11, what is -604480 + 5?
-604476
In base 13, what is -642 + -67733?
-68075
In base 4, what is -2000313201 + -1120?
-2000320321
In base 2, what is 1011 - 101010100111100?
-101010100110001
In base 4, what is -23 - -323120302103?
323120302020
In base 7, what is 22025 - 622?
21103
In base 12, what is -9053 + -28b73?
-36006
In base 11, what is -62 + 746588?
746526
In base 14, what is -143 - d21d?
-d362
In base 16, what is 2687 - 16e1?
fa6
In base 14, what is 9c0 + 183cd?
18dad
In base 14, what is -1b3015 + 2?
-1b3013
In base 12, what is -159 + -5047a?
-50617
In base 12, what is -109763b7 - 2?
-109763b9
In base 4, what is 223223 + -32102302?
-31213013
In base 13, what is 2215 - -13427?
1563c
In base 13, what is -381c69b1 - 0?
-381c69b1
In base 5, what is -343 + 241410423?
241410030
In base 3, what is -12221011221001 - -12?
-12221011220212
In base 16, what is -909 - 1e5b?
-2764
In base 16, what is e - -2f8d65?
2f8d73
In base 9, what is 46 - -636115?
636162
In base 2, what is 1010010010100101011101101 + 1111?
1010010010100101011111100
In base 7, what is 136 - -12136634?
12140103
In base 15, what is -8 + -36bdd9?
-36bde2
In base 6, what is -21012 - 41230?
-102242
In base 5, what is 3213 + 1142344?
1201112
In base 6, what is -1314213215 + -30?
-1314213245
In base 11, what is -364 - a167?
-a520
In base 4, what is -13021110221 - -31?
-13021110130
In base 15, what is -be4d58 + -4?
-be4d5c
In base 5, what is -31133301 - 4123?
-31142424
In base 6, what is -152 - 300044?
-300240
In base 8, what is 411637 + 4764?
416623
In base 9, what is 12 + -4508084?
-4508072
In base 5, what is -1221303023 + -3?
-1221303031
In base 13, what is 5 + -623735?
-623730
In base 15, what is -3a23c9c + 0?
-3a23c9c
In base 8, what is -1226200 + 43?
-1226135
In base 2, what is 1 - 1010111110011011101001?
-1010111110011011101000
In base 15, what is 109369b - d?
109368d
In base 7, what is 1562 - -565446?
600341
In base 4, what is -1123 - 3220312?
-3222101
In base 7, what is 21 + -12262322?
-12262301
In base 2, what is 111101001110 + 11110110001111?
100110011011101
In base 15, what is 2 - -4dd765?
4dd767
In base 12, what is 2937 + 1800?
4537
In base 5, what is -20102230114 + -10?
-20102230124
In base 12, what is 8047 + 693?
871a
In base 9, what is 348 - -13464?
13823
In base 16, what is 33c11 + -449?
337c8
In base 2, what is -100000111 - -100011111000101100101?
100011111000001011110
In base 6, what is -203 - 14401055?
-14401302
In base 11, w